st common factor of 114 and 83847.
57
What is the highest common factor of 3430 and 1320?
10
Calculate the highest common factor of 15170 and 9990.
370
What is the greatest common divisor of 25320 and 36720?
120
What is the greatest common divisor of 11742 and 19158?
618
What is the greatest common factor of 227788 and 9185?
1837
Calculate the highest common divisor of 76 and 854791.
19
Calculate the greatest common factor of 132156 and 396.
36
What is the highest common divisor of 936 and 630396?
468
What is the highest common factor of 66 and 166551?
33
What is the highest common factor of 1932738 and 498?
498
What is the highest common factor of 14823 and 1116?
9
Calculate the highest common divisor of 256360 and 4680.
520
What is the highest common divisor of 23640 and 241719?
591
Calculate the highest common divisor of 5012 and 2464.
28
Calculate the greatest common factor of 9125 and 25915.
365
Calculate the greatest common factor of 37908 and 234.
234
Calculate the highest common divisor of 206514 and 396.
198
What is the highest common divisor of 1224 and 1865070?
306
Calculate the greatest common factor of 329 and 19599.
47
What is the highest common factor of 48624 and 192?
48
What is the highest common divisor of 425 and 238?
17
Calculate the greatest common divisor of 1370396 and 12.
4
Calculate the highest common factor of 155140 and 60.
20
What is the highest common factor of 790 and 3455?
5
Calculate the highest common factor of 1661 and 671.
11
Calculate the greatest common divisor of 4037 and 143.
11
Calculate the highest common divisor of 57 and 1578.
3
What is the highest common factor of 344 and 145598?
86
What is the greatest common divisor of 22456 and 111478?
802
Calculate the highest common divisor of 8376 and 24.
24
Calculate the greatest common divisor of 476 and 4879.
119
Calculate the highest common factor of 138 and 131491.
23
Calculate the greatest common divisor of 9264 and 48.
48
Calculate the highest common divisor of 7839 and 563202.
603
What is the greatest common factor of 2944 and 598?
46
Calculate the greatest common factor of 637 and 1912547.
91
What is the highest common factor of 1703 and 278637?
131
Calculate the greatest common divisor of 8107800 and 50.
50
What is the highest common factor of 213240 and 33763?
1777
Calculate the highest common factor of 31273 and 2504683.
2843
Calculate the greatest common divisor of 9 and 948411.
9
Calculate the greatest common divisor of 34713 and 1305.
261
What is the highest common divisor of 25472 and 128?
128
Calculate the highest common divisor of 38380 and 90.
10
Calculate the highest common divisor of 67 and 9782.
67
What is the highest common divisor of 23686 and 143?
13
What is the greatest common factor of 7096 and 328?
8
Calculate the greatest common factor of 213862 and 220.
22
Calculate the highest common factor of 110 and 1330.
10
Calculate the highest common divisor of 588 and 3426.
6
What is the highest common divisor of 144 and 24984?
72
Calculate the highest common factor of 4624 and 224842.
578
What is the greatest common factor of 604244 and 232?
116
Calculate the highest common divisor of 1098 and 258.
6
What is the greatest common factor of 12265 and 645?
5
Calculate the greatest common divisor of 464 and 8381.
29
What is the highest common divisor of 439111 and 1685?
337
What is the highest common factor of 388323 and 780?
39
Calculate the highest common divisor of 13637 and 316798.
1049
What is the greatest common factor of 475 and 14450?
25
What is the highest common factor of 12900 and 473?
43
Calculate the greatest common factor of 751951 and 296.
37
What is the greatest common factor of 120697 and 3524?
881
What is the highest common factor of 171 and 27873?
171
What is the highest common divisor of 33810 and 1242?
138
Calculate the greatest common divisor of 10 and 59335.
5
Calculate the highest common factor of 52 and 5306236.
52
Calculate the highest common factor of 800 and 160.
160
What is the greatest common divisor of 102025 and 795?
265
What is the greatest common factor of 2997 and 243?
81
Calculate the greatest common divisor of 432 and 8752.
16
What is the greatest common divisor of 1934747 and 661?
661
What is the highest common divisor of 11 and 14113?
11
Calculate the greatest common factor of 4200 and 343560.
840
Calculate the greatest common divisor of 37679 and 246.
41
Calculate the highest common factor of 2096 and 1208868.
524
Calculate the highest common factor of 60 and 70710.
30
What is the highest common divisor of 783832 and 56?
56
Calculate the greatest common factor of 264102 and 6.
6
What is the greatest common factor of 55 and 15191715?
55
What is the greatest common factor of 15794448 and 2342?
2342
What is the highest common divisor of 24 and 511410?
6
Calculate the highest common divisor of 6611 and 430316.
601
Calculate the greatest common divisor of 15 and 291120.
15
What is the greatest common divisor of 12 and 114864?
12
Calculate the greatest common factor of 181500 and 375.
375
Calculate the highest common factor of 540 and 55710.
90
Calculate the greatest common factor of 7854 and 11550.
462
What is the greatest common divisor of 42400 and 80825?
1325
What is the highest common divisor of 8106735 and 273?
273
Calculate the highest common divisor of 1449 and 4319.
7
What is the highest common divisor of 57015 and 17919?
1629
Calculate the highest common divisor of 1134 and 441.
63
Calculate the highest common divisor of 1656 and 99912.
552
What is the highest common factor of 481 and 1182298?
481
Calculate the highest common divisor of 291 and 180808.
97
Calculate the highest common divisor of 142 and 3778.
2
Calculate the greatest common divisor of 31 and 2009327.
31
What is the greatest common divisor of 31020 and 43692?
132
What is the greatest common divisor of 10008 and 88?
8
What is the highest common divisor of 11424 and 1360?
272
Calculate the greatest common factor of 182 and 74763.
13
What is the greatest common divisor of 196 and 5068?
28
Calculate the greatest common divisor of 815 and 7498.
163
What is the greatest common factor of 61314 and 132?
66
What is the highest common factor of 22 and 32098?
22
What is the greatest common factor of 103824 and 5712?
336
What is the highest common divisor of 1425 and 120175?
475
Calculate the highest common divisor of 123 and 30873.
123
What is the highest common factor of 58830 and 954?
318
What is the highest common factor of 12766 and 1066?
26
Calculate the highest common divisor of 572025 and 150.
75
What is the highest common factor of 13 and 52039?
13
Calculate the greatest common divisor of 402825 and 655.
655
Calculate the highest common divisor of 2125 and 2414.
17
What is the greatest common divisor of 645 and 2317485?
645
Calculate the highest common factor of 396 and 15642.
198
Calculate the highest common factor of 615 and 1599.
123
What is the greatest common divisor of 2980 and 6345910?
1490
Calculate the highest common divisor of 7032 and 1392.
24
What is the highest common factor of 33 and 210859?
11
What is the greatest common divisor of 807650 and 4350?
1450
What is the highest common divisor of 9108 and 5612?
92
What is the greatest common factor of 875 and 59750?
125
What is the highest common divisor of 63580 and 836?
44
What is the greatest common divisor of 1592 and 4?
4
Calculate the highest common divisor of 2112724 and 228.
76
What is the greatest common divisor of 1791 and 2367?
9
Calculate the greatest common factor of 3735 and 6640.
415
Calculate the highest common divisor of 411133 and 145.
29
Calculate the highest common divisor of 136 and 135932.
68
What is the highest common factor of 75 and 18885?
15
What is the highest common divisor of 3969 and 178899?
147
What is the greatest common divisor of 252 and 229446?
126
What is the highest common factor of 228 and 27636?
12
Calculate the highest common divisor of 65 and 4601025.
65
Calculate the greatest common factor of 5946 and 36.
6
Calculate the highest common factor of 550528 and 4.
4
What is the greatest common divisor of 40089 and 63595?
161
Calculate the highest common divisor of 1344 and 2249408.
448
What is the highest common divisor of 13783 and 35?
7
W